when 19 is divided by i(m).
3
Let d = -20 - -67. What is the remainder when d is divided by 24?
23
Let c(q) = -q**2 - 8*q - 13. Let a be c(-5). Suppose a*w = 2*r + 42, -48 = -3*w - 2*r + 40. What is the remainder when 103 is divided by w?
25
Suppose 0 = -c - 116 - 121. Let u = -140 - c. What is the remainder when u is divided by 14?
13
Let x = 128 - 97. Calculate the remainder when x is divided by (13 + 0 + -2)/(-1)*-1.
9
Suppose 2*s + 4*i - 13 = 55, 4*s + 2*i = 136. What is the remainder when 81 is divided by s?
13
Let i = 3 + -2. Let x be (i - 2)/(4/(-36)). Suppose -x + 48 = z. What is the remainder when z is divided by 10?
9
Let n(j) = -j**3 + 4*j**2 + 2*j. Let v = -22 - -25. Suppose -2*x = -5*t + 224, -5*x - 118 - 68 = -4*t. Calculate the remainder when t is divided by n(v).
14
Let l(g) = g + 16*g**2 - 4*g**2 + 14 + g**3 + 19*g. Let m be l(-10). Suppose -3*x + 25 + m = 0. What is the remainder when 49 is divided by x?
10
Let c(m) = -m**2 + 10*m + 23. Let n be c(13). Let u = -7 - n. What is the remainder when u is divided by 6?
3
Let y = 1776 + -1591. What is the remainder when y is divided by 40?
25
Suppose -4*p - 5*i + 276 = -135, 5*p - 530 = -3*i. What is the remainder when p is divided by 12?
1
Let q = 920 - 841. Let i = 41 + -14. Calculate the remainder when q is divided by i.
25
Let f = 93 + -65. Let v = -11 + f. What is the remainder when 101 is divided by v?
16
Let v(g) = g**2 - 4*g + 2. Let j be 39/9 - (-1)/(-3). Let p be v(j). Suppose 10 = -p*k, k - 85 = -4*w + 6*k. What is the remainder when 59 is divided by w?
14
Calculate the remainder when 52 is divided by (-98)/(-735) + 206/30.
3
Let r(q) = -q**3 + q**2 + 2. Let v(i) = 9*i + 59. Let u = -145 + 139. Calculate the remainder when v(u) is divided by r(0).
1
Let k = -4 - -18. Calculate the remainder when (132/72 - 2) + (-307)/(-6) is divided by k.
9
Suppose 7*v + 7*v = 98. Calculate the remainder when 10 is divided by v.
3
Let p be (-567)/(-18)*(-8)/(-6). Let o = p + -38. What is the remainder when 10 is divided by o?
2
Let i = 65 + -40. Let l = i + 67. Let s = l - 58. What is the remainder when 99 is divided by s?
31
Suppose x = -0*x + 12. Let q = 2551 - 2434. Calculate the remainder when q is divided by x.
9
Suppose 4*i - 9*i = -230. What is the remainder when i is divided by (12/5 + -2)/((-7)/(-210))?
10
Let b(g) = 2*g**2 + 3*g - 2. Let t be b(2). Suppose -2*v - t = -2. What is the remainder when (-144)/v - 1/(-5) is divided by 10?
9
Suppose -v - 487 = -5*l, -4*v + 398 = 4*l - 2*v. Calculate the remainder when l is divided by (-70)/(-245)*350/4.
23
Let o be (-2)/((-4)/16*1). Suppose 2*n + 7 = m, -4*m + 4 = 4*n - 0*m. Calculate the remainder when 18 is divided by 5*n/o*-4.
3
What is the remainder when -2 - (-4 + 414)/(-5) is divided by (3 - 0)*4/12 + 27?
24
Let n(v) = -v**2 - 9*v + 9. Let j be n(-11). Let q = j + 20. Suppose -q*x = -11*x + 48. What is the remainder when 34 is divided by x?
10
Suppose 2*u - 7*u - 3*j = -502, -2*u + j + 203 = 0. Calculate the remainder when u is divided by 13.
10
Let a be (-16)/(-6) + (-2)/(-6). Suppose -4 = -a*b + 113. Calculate the remainder when 192 is divided by b.
36
Suppose b + 4*t - 108 = 0, 8*b - 3*t = 9*b - 105. What is the remainder when b is divided by 35?
26
Suppose 4*u - 2*u = y - 5, -y - 3*u = 5. Suppose 0 = -n + 9 - 3. Calculate the remainder when y*-3 - (0 + -13) is divided by n.
4
Suppose 2*f = -3*k - 0*f + 15, -2*k + 3 = -f. Suppose -24 = -k*l + j, j - 17 = -2*l + 2*j. Suppose 2*y = 4*y - 10. What is the remainder when l is divided by y?
2
Let a(p) be the second derivative of 29*p**4/12 - p**3/3 - p**2 - p. What is the remainder when a(-2) is divided by 1*24/9*360/32?
28
Let c(g) be the second derivative of 2*g**3 + 3*g**2/2 - 20*g. What is the remainder when c(5) is divided by 13?
11
Suppose p + p - 3*l = 187, 188 = 2*p - 4*l. Suppose 25 = 3*g - 32. Calculate the remainder when p is divided by g.
16
Let z = 224 - 184. Calculate the remainder when z is divided by 10.
0
Suppose -4*k - 4*t = -60 - 64, -3*k - 4*t = -90. What is the remainder when 134 is divided by k?
32
Let y(m) = 55*m**2 + 592*m - 14. Calculate the remainder when y(-11) is divided by 47.
35
Suppose -a + 4*a - 227 = 4*g, 0 = 3*a + 4*g - 187. Suppose -5*x + 3*s = -a, -s = -2*x + 2*s + 33. Calculate the remainder when 34 is divided by x.
10
Let y = 107 + -103. Suppose -3*s + 88 = -y*q, 2*s + 10 - 62 = 4*q. Calculate the remainder when 105 is divided by s.
33
Let a(t) = t**2 - 8*t + 18. What is the remainder when a(10) is divided by 25?
13
Suppose -25 = 4*z - 1. Calculate the remainder when (-351)/(-14) - (-16)/(-224) is divided by 37/5 - z/(-15).
4
Suppose 0 = -10*o + 31*o - 2079. Calculate the remainder when o is divided by 15.
9
Let s(p) = 4*p**2 - p + 1. Let y(t) = t + 7. Let b be y(-9). Let g be s(b). Suppose 0 = 5*x - 116 - g. Calculate the remainder when x is divided by 10.
7
Let f(z) = 14*z - 3. Let w be f(-6). Calculate the remainder when ((-4)/6)/2*w is divided by (-10 - (-14 - 7))*1.
7
Suppose 1068*h = 1063*h + 180. Calculate the remainder when 106 is divided by h.
34
Let f(c) = 22*c**3 - 3*c**2 + 2*c - 1. Let q be 21 + -24 + (1*5 - 1). What is the remainder when f(q) is divided by 6?
2
Let g be (5 - (1 + 3)) + 48. Suppose -n - 4*n + g = -2*b, -5*b + 70 = 5*n. Calculate the remainder when 300/16 - 1/(-4) is divided by n.
8
Let l(q) = -2*q**2 + 20*q - 11. Calculate the remainder when 76 is divided by l(8).
13
Suppose -d + 6 = -33. Let u(b) = -b**2 + 6*b + 7. Let r be u(6). What is the remainder when d is divided by (r/2)/(-3 + (-57)/(-18))?
18
Suppose -34*t = -23*t - 88. Calculate the remainder when 70 is divided by t.
6
Suppose r = 4*u - 4 - 15, -u - 4*r + 9 = 0. Suppose 2*q + u = 3*q. Suppose -3*k - k = -q*d, 0 = d - 4. What is the remainder when 8 is divided by k?
3
Suppose 5*f + 15 = k, -3*f = -2*k + 64 - 27. What is the remainder when 258 is divided by k?
18
Suppose -9*t + 40 = -t. Suppose 3*c + t*g - 164 = 0, -g - 137 = -4*c + 74. What is the remainder when c is divided by 28?
25
Suppose -2*l - 2*p + 40 = 0, 30 = -3*l - 2*p + 90. Let z = 36 - l. Calculate the remainder when z is divided by 21/6*120/70.
4
Suppose 124 = 2*o - 5*y, -4*o + 2*y + 176 = -88. What is the remainder when o is divided by 24?
19
Let o(l) = -29*l - 178. What is the remainder when 270 is divided by o(-7)?
20
Let s = 12 - 5. Calculate the remainder when 2/(-3)*(-66 - -6) is divided by s.
5
Let y(o) = -7*o - 2. Let l(d) = d**3 - 8*d**2 - 10*d + 7. Let u be l(9). Suppose -4*w - 63 + 151 = 0. Calculate the remainder when w is divided by y(u).
10
Suppose 2*a - i - 1 = 0, 2*a + i + 2 = 5. Let u = 96 - a. What is the remainder when u is divided by 25?
20
Let g = -63 + 92. Suppose 4*p - 622 - 186 = 0. Calculate the remainder when p is divided by g.
28
Let g(f) = 75*f + 1328. Let t(c) = c**2 + 102. What is the remainder when t(0) is divided by g(-17)?
49
Let p(n) be the third derivative of n**5/5 - n**2. What is the remainder when p(1) is divided by 2262/406 + 0 + (-8)/14?
2
Suppose 472 = -3*t + 598. Calculate the remainder when 78 is divided by t.
36
What is the remainder when 68 is divided by ((-399)/42)/((-1)/2)?
11
Let q = -193 - -37. Let f = 219 + q. Calculate the remainder when f is divided by 35.
28
Suppose -5*t - 35 = -3*w, 4*w + 2*t = 6*w - 18. Suppose -5*u - 36 = -3*j - 135, w*u - 109 = -2*j. Calculate the remainder when 81 is divided by u.
18
Let g(n) = 7*n + 49. Suppose -4*x = 5*m - 5, -4*m + 2*m = 3*x - 2. Suppose x = -0*i - i + 15. Calculate the remainder when g(-3) is divided by i.
13
Suppose -s + 3 = 3*f, -s + 6 = s - 5*f. Suppose -5*z = -o - 11, -z - 2 - s = -2*o. Calculate the remainder when 28 is divided by z.
1
Suppose 0 = 5*b - 4*s - 27, 1 + 5 = -2*s. Let z(v) = -v**2 + 8*v - 3. Calculate the remainder when 35 is divided by z(b).
11
Let y(m) = 69*m - 236. What is the remainder when y(10) is divided by 22?
14
Suppose 23 = 7*l - 19. Suppose w + 50 = 6*w. What is the remainder when (-4)/w - 167/(-5) is divided by l?
3
Let x(i) = i**3 - 21*i**2 + 9. Let w = -128 - -85. Let o = w - -68. Calculate the remainder when o is divided by x(21).
7
Suppose 0 = 9*n - 1452 - 1032. Calculate the remainder when n is divided by 57.
48
Let t(r) = 7*r**2 - 9*r + 4. Calculate the remaind